be k(-9). What is the greatest common divisor of a and 10?
10
Let y(s) = -s**3 + 7*s**2 - 5*s + 5. Let c be y(6). What is the highest common divisor of c and 121?
11
Let x(l) = l**3 - 4*l**2 - 2*l - 9. Let q be x(5). Suppose -34 - 164 = -3*n. What is the highest common factor of n and q?
6
Let o(x) = 6*x - 4. Let d be o(4). Suppose 9*y + 25 = 14*y - 5*s, 4*y - 35 = s. What is the greatest common factor of d and y?
10
Let t(q) = 36*q + 2. Let g = 3 - 7. Let z be t(g). Let u be (-2)/(-4) + z/(-4). Calculate the highest common divisor of 90 and u.
18
Let m be 0 + 1 + 486/3. Suppose b - m = -58. What is the greatest common factor of 15 and b?
15
Suppose -4*g + 0*p - 4*p = -60, -g + 9 = -5*p. What is the highest common divisor of 126 and g?
14
Suppose -5*z - 105 + 305 = 0. Calculate the highest common factor of 5 and z.
5
Suppose 5*k + 92 = 2*h - 0*h, -3*h + 4*k + 152 = 0. Calculate the highest common divisor of h and 14.
14
Let n(p) = -p**3 + 6*p**2 + p - 1. Let k be n(6). Suppose 20 = k*q - 20. Calculate the greatest common divisor of 8 and q.
8
Let k be 102/(-1 + -4*6/(-8)). What is the greatest common factor of 119 and k?
17
Let q = 4 - 1. Let n = q - 1. Suppose -4*l + 0 = -b - 64, 0 = -l + n*b + 23. What is the highest common factor of l and 90?
15
Let c(l) = -15*l + 5. Let v be c(-5). Suppose 37*d - 745 - 439 = 0. Calculate the greatest common divisor of v and d.
16
Let z = 15 - 10. Let a be (-32)/(-3) + z/15. What is the greatest common factor of 11 and a?
11
Let z(d) be the second derivative of 1/12*d**4 + 0 - 2*d + 5/6*d**3 + 2*d**2. Let i be z(7). What is the highest common divisor of 8 and i?
8
Let b = -4 - -3. Let g be (-2)/2 - (-4 - b). What is the highest common factor of 8 and g?
2
Let y(l) = l**3 - 4*l**2. Let f be y(5). Let t(n) = -2*n - 14. Let j be t(-10). Let d be (-10)/3*(-9)/j. What is the greatest common factor of f and d?
5
Let p be 460/25 + (-4)/10. Suppose 4*v = v. Let w be p/(-4)*(v - 26). Calculate the greatest common divisor of w and 13.
13
Suppose 0 = -5*h - 3*q - 190, 4*h = 2*h + q - 65. Let z = -29 + 12. Let u = z - h. What is the highest common factor of 2 and u?
2
Let j = 137 - 95. Suppose -c + 21 = -7. Suppose -c = -2*p + p. What is the greatest common divisor of p and j?
14
Suppose 13 + 11 = 3*u. Suppose 3*t = -3*q + 198, -2*q + 142 - 8 = 3*t. What is the greatest common divisor of u and q?
8
Let g(k) = -k**3 - 5*k**2 - 6*k - 6. Let d be g(-4). Suppose -a - d*a = 225. Let r = a - -107. Calculate the highest common factor of r and 4.
4
Suppose 4*c - 8*c + 320 = 0. What is the greatest common divisor of c and 16?
16
Suppose 5*l = -5*s + 15, -4*l - 19 = -2*s + 5. Calculate the greatest common divisor of s and 2.
2
Let n = 0 + 14. Calculate the greatest common factor of 98 and n.
14
Let r(i) = -i**2 + 7*i - 4. Let b be r(5). Suppose -5*h + 250 = 4*s, -3*s + 7*s - 246 = -3*h. What is the highest common divisor of b and s?
6
Let j = 9 + 91. Suppose 5*q + 19 = 4*d - 26, 4*q = -5*d + 46. Calculate the greatest common factor of d and j.
10
Let a be (-3)/2 + 646/4. Suppose -5*j = -0*j - a. What is the highest common divisor of 4 and j?
4
Let x(f) = -f**3 + 6*f**2 + 3*f - 9. Let k be x(6). Let c(q) = -q**2 + 9*q - 2. Let m be c(k). Let g = m - -3. Calculate the highest common divisor of g and 2.
1
Let l = -77 - -245. What is the highest common divisor of 24 and l?
24
Let y be 11 - 2*(-15)/(-10). What is the highest common divisor of 104 and y?
8
Suppose -5*p + 140 = 5*b, 3*p = 4*b - 0*p - 98. Calculate the greatest common factor of b and 104.
26
Suppose -6*v + 20 = -4*v - 5*p, 0 = v + 2*p - 1. Suppose 13 = w - 4*i, 2*i + 18 = 2*w - 2*i. Calculate the greatest common divisor of v and w.
5
Let q(x) = 43*x + 23. Let r be q(7). What is the greatest common divisor of 36 and r?
36
Suppose n = 3*n - 256. Calculate the highest common divisor of n and 16.
16
Let m = 5 + 10. Let j(l) = l**2 + 4*l - 6. Let g be j(-6). Calculate the highest common divisor of g and m.
3
Let w = 6 + -4. Suppose 1 = 3*c - w*c. Let b(f) = 7*f - 1. Let l be b(c). What is the highest common divisor of 6 and l?
6
Let q(z) = 14*z - 1. Let o(p) = 7*p - 1. Let t(f) = -10*o(f) + 6*q(f). Let s = -4 - -10. Let b be t(s). What is the greatest common divisor of 8 and b?
8
Suppose -5*g + 3*c - 26 = -g, -4*c - 2 = 2*g. Let y(n) = -4*n + 7. Let d be y(g). Calculate the highest common divisor of d and 9.
9
Let d be (-2 + (-3)/6)*-2. Suppose 0 = -0*s - 5*s + d. What is the greatest common divisor of 8 and s?
1
Suppose -2*z - 19 = -o, -53 = 4*z - 3*o + 6*o. Let r = z + 20. Suppose -2*x + 62 = -2*n, -5*x - n = n - 127. Calculate the greatest common factor of x and r.
9
Let y = 7 - 2. Let g = y - -4. What is the greatest common divisor of 3 and g?
3
Suppose -2*f = -3*w - 18, f - 17 = 2*f + 5*w. Let k be (-14)/6*f/(-1). Calculate the greatest common factor of 49 and k.
7
Suppose 7*o - 11*o = -24. What is the highest common divisor of o and 24?
6
Let l be 6/21 - 4/14. Let k(x) = x**2 - x + 17. Let r be k(l). Let p be r + (-2)/(-2 - -4). What is the highest common divisor of p and 24?
8
Suppose 6 = 2*h, -5*v + 4*h + 589 = 2*h. Calculate the greatest common factor of 68 and v.
17
Let a be (-3)/(2/(-6)*-3). Let s be -2 - a/3*-3. Let y be (-4)/s - 1/(-5). What is the highest common divisor of y and 4?
1
Suppose -10 = 5*q + 5. Let n be (-4)/(-12) - 17/q. Let d be (2/4)/(3/54). Calculate the greatest common factor of d and n.
3
Let v be (3/9)/(2/12). Let y = -11 - -23. Suppose -v*i = i - y. Calculate the highest common divisor of 16 and i.
4
Let l = 51 + -38. What is the highest common factor of 52 and l?
13
Let f = -10 - -28. Suppose -5*k = y - 23, 2*y + 4*k + 25 - 77 = 0. Suppose -5*z - y = -163. Calculate the highest common factor of z and f.
9
Suppose -1 - 10 = -f. Suppose -5*l = -2*y - 3, y + 19 = 5*y - 5*l. What is the highest common factor of f and y?
11
Let x(n) = n**3 + 19*n**2 - 20*n + 23. Let i be x(-20). Calculate the highest common divisor of 207 and i.
23
Suppose -15*p - 20 = -17*p. Calculate the greatest common factor of 40 and p.
10
Suppose -27 = -u + 58. Let s(c) = -2*c - 2 + 0*c + 4*c - 5. Let z be s(12). What is the highest common divisor of z and u?
17
Let q be 2 + (30*1)/2. Suppose 0 = -2*z - 0*z + 340. Let p be z/6*(-5 + 8). Calculate the greatest common divisor of p and q.
17
Let r be 50/6*(-12)/(-4). Suppose -3*p = -2*c + 185, -2*p = 3*c - 246 - r. What is the highest common factor of c and 13?
13
Suppose 2*j = 3*j + 3*z - 101, -3*j + 324 = 2*z. Calculate the highest common factor of 10 and j.
10
Suppose 2*a - 10 = 0, 0*a + 3*a = -3*z + 30. Suppose -z*w = -w - 168. What is the highest common divisor of 6 and w?
6
Let w = 5 + -3. Suppose 3 = -w*h + 15. Calculate the greatest common divisor of 30 and h.
6
Suppose 0*w + 63 = 7*w. Calculate the highest common divisor of w and 81.
9
Let d be (-3)/4 + 0 + (-321)/(-12). Calculate the highest common factor of d and 65.
13
Suppose -3*b + t = -t - 430, -b = -3*t - 141. Calculate the greatest common factor of b and 18.
18
Let x(c) = -8*c - 7. Let z be x(7). Let o be (-138)/8*168/z. Suppose 2*n - 255 = 5*k, 3*n + 202 = -k + 542. Calculate the greatest common divisor of n and o.
23
Suppose 0 = 5*x - 2*x - 3. Let b(w) = w + 5. Let l be b(-3). What is the greatest common divisor of x and l?
1
Suppose -3*q = 4*a - 972, 2*a + q - 476 = 10. What is the greatest common divisor of a and 27?
27
Let a = 8 - -10. Let b = -4 + a. What is the highest common divisor of 21 and b?
7
Suppose 0 = 2*n - 5*n + 12, -5*r - 4*n = -56. Let q(k) = 10*k - 2*k - k**2 - 2 + 7. Let x be q(7). Calculate the highest common divisor of x and r.
4
Suppose 4*x + 1 = -3*a - 1, -3*a - 11 = -5*x. Calculate the greatest common divisor of 1 and x.
1
Let v(o) = o**2 - 6*o - 6. Suppose -21 = -0*r - 3*r. Let k be v(r). Calculate the greatest common factor of 4 and k.
1
Let n(q) = q**3 + 3*q**2 + 5*q - 2. Let v be n(3). Let w = v + -37. Calculate the highest common factor of w and 270.
30
Let g(k) = 7*k + 61. Let j be g(5). Calculate the highest common divisor of 32 and j.
32
Let y(g) = -3*g**3 - 7*g**2 - 2*g + 4. Let z be y(-2). Calculate the greatest common factor of 8 and z.
4
Let h = -13 + 22. What is the greatest common factor of h and 36?
9
Suppose -4*j